{"id":163,"date":"2023-09-13T12:59:04","date_gmt":"2023-09-13T12:59:04","guid":{"rendered":"https:\/\/uintivakka.fi\/?page_id=163"},"modified":"2023-09-14T13:34:49","modified_gmt":"2023-09-14T13:34:49","slug":"yhdistyksen-saannot","status":"publish","type":"page","link":"https:\/\/uintivakka.fi\/?page_id=163","title":{"rendered":"Yhdistyksen s\u00e4\u00e4nn\u00f6t"},"content":{"rendered":"\n<p class=\"has-palette-color-4-color has-palette-color-7-background-color has-text-color has-background\" style=\"margin-top:0;margin-bottom:0\">S\u00e4\u00e4nn\u00f6t p\u00e4ivitetty 07.11.2022<\/p>\n\n\n\n<p class=\"has-palette-color-4-color has-palette-color-7-background-color has-text-color has-background\" style=\"margin-top:0;margin-bottom:0\"><strong>1. Yhdistyksen nimi ja kotipaikka<\/strong><\/p>\n\n\n\n<p class=\"has-palette-color-4-color has-palette-color-7-background-color has-text-color has-background\" style=\"margin-top:0;margin-bottom:0\">Yhdistyksen nimi on Uinti-Vakka ry ja sen kotipaikka on Uusikaupunki<\/p>\n\n\n\n<p class=\"has-palette-color-4-color has-palette-color-7-background-color has-text-color has-background\" style=\"margin-top:0;margin-bottom:0\"><strong>2. Tarkoitus ja toiminnan laatu<\/strong><\/p>\n\n\n\n<p class=\"has-palette-color-4-color has-palette-color-7-background-color has-text-color has-background\" style=\"margin-top:0;margin-bottom:0\">Yhdistyksen tarkoituksena on edist\u00e4\u00e4 uintiurheilua ja levitt\u00e4\u00e4 uintiurheilun harrastusta, kohottaa j\u00e4sentens\u00e4 fyysist\u00e4 kuntoa ja terveytt\u00e4 sek\u00e4 her\u00e4tt\u00e4\u00e4 heiss\u00e4 oikeaa urheiluhenke\u00e4 ja pysyv\u00e4\u00e4 harrastusta uintiurheiluun.<\/p>\n\n\n\n<p class=\"has-palette-color-4-color has-palette-color-7-background-color has-text-color has-background\" style=\"margin-top:0;margin-bottom:0\">Tarkoituksensa toteuttamiseksi yhdistys:<\/p>\n\n\n\n<ul class=\"has-palette-color-4-color has-palette-color-7-background-color has-text-color has-background wp-block-list\" style=\"margin-top:0;margin-bottom:0\">\n<li>j\u00e4rjest\u00e4\u00e4 harjoitus- ja valmennustilaisuuksia<\/li>\n\n\n\n<li>antaa tietopuolista opetusta<\/li>\n\n\n\n<li>toimeenpanee kilpailuja, n\u00e4yt\u00f6ksi\u00e4, kursseja ja juhlia<\/li>\n<\/ul>\n\n\n\n<p class=\"has-palette-color-4-color has-palette-color-7-background-color has-text-color has-background\" style=\"margin-top:0;margin-bottom:0\">Toimintansa tukemiseksi yhdistys voi toimeenpanna rahanker\u00e4yksi\u00e4 ja arpajaisia hankittuaan asianmukaisen luvan.<\/p>\n\n\n\n<p class=\"has-palette-color-4-color has-palette-color-7-background-color has-text-color has-background\" style=\"margin-top:0;margin-bottom:0\"><strong>3. Liittymis- ja j\u00e4senmaksut<\/strong><\/p>\n\n\n\n<p class=\"has-palette-color-4-color has-palette-color-7-background-color has-text-color has-background\" style=\"margin-top:0;margin-bottom:0\">J\u00e4senilt\u00e4 peritt\u00e4v\u00e4n liittymismaksun ja vuotuisen j\u00e4senmaksun suuruudesta p\u00e4\u00e4tt\u00e4\u00e4 vuosikokous.<\/p>\n\n\n\n<p class=\"has-palette-color-4-color has-palette-color-7-background-color has-text-color has-background\" style=\"margin-top:0;margin-bottom:0\"><strong>4. Hallitus<\/strong><\/p>\n\n\n\n<p class=\"has-palette-color-4-color has-palette-color-7-background-color has-text-color has-background\" style=\"margin-top:0;margin-bottom:0\">Yhdistyksen asioita hoitaa hallitus, johon kuuluu vuosikokouksessavalittu puheenjohtaja ja 2-4 muuta varsinaista j\u00e4sent\u00e4 sek\u00e4 0-4 varaj\u00e4sent\u00e4. Hallituksen toimikausi on vuosikokousten v\u00e4linen aika.<\/p>\n\n\n\n<p class=\"has-palette-color-4-color has-palette-color-7-background-color has-text-color has-background\" style=\"margin-top:0;margin-bottom:0\"><strong>5. Yhdistyksen nimen kirjoittaminen<\/strong><\/p>\n\n\n\n<p class=\"has-palette-color-4-color has-palette-color-7-background-color has-text-color has-background\" style=\"margin-top:0;margin-bottom:0\">Yhdistyksen nimen kirjoittaa hallituksen puheenjohtaja, varapuheenjohtaja, sihteeri tai rahastonhoitaja, kukin yksin.<\/p>\n\n\n\n<p class=\"has-palette-color-4-color has-palette-color-7-background-color has-text-color has-background\" style=\"margin-top:0;margin-bottom:0\"><strong>6. Tilikausi<\/strong><\/p>\n\n\n\n<p class=\"has-palette-color-4-color has-palette-color-7-background-color has-text-color has-background\" style=\"margin-top:0;margin-bottom:0\">Yhdistyksen tilikausi on kalenterivuosi.<\/p>\n\n\n\n<p class=\"has-palette-color-4-color has-palette-color-7-background-color has-text-color has-background\" style=\"margin-top:0;margin-bottom:0\"><strong>7. Yhdistyksen kokoukset<\/strong><\/p>\n\n\n\n<p class=\"has-palette-color-4-color has-palette-color-7-background-color has-text-color has-background\" style=\"margin-top:0;margin-bottom:0\">Yhdistyksen kokoukseen voidaan osallistua hallituksen tai yhdistyksen kokouksen niin p\u00e4\u00e4tt\u00e4ess\u00e4 my\u00f6s tietoliikenneyhteyden tai muun teknisen apuv\u00e4lineen avulla kokouksen aikana. Yhdistyksen vuosikokous pidet\u00e4\u00e4n vuosittain hallituksen m\u00e4\u00e4r\u00e4\u00e4m\u00e4n\u00e4 p\u00e4iv\u00e4n\u00e4 tammi-kes\u00e4kuussa. Vuosikokouksessa p\u00e4\u00e4tet\u00e4\u00e4n tilinp\u00e4\u00e4t\u00f6ksen vahvistamisesta ja vastuuvapauden my\u00f6nt\u00e4misest\u00e4 hallitukselle ja muille vastuuvelvollisille, valitaan puheenjohtaja ja muut hallituksen j\u00e4senet sek\u00e4 valitaan yksi tai kaksi toiminnantarkastajaa ja varatoiminnantarkastajaa taikka yksi tai kaksi tilintarkastajaa ja varatilintarkastajaa.<\/p>\n\n\n\n<p class=\"has-palette-color-4-color has-palette-color-7-background-color has-text-color has-background\" style=\"margin-top:0;margin-bottom:0\"><strong>8. Yhdistyksen kokousten koollekutsuminen<\/strong><\/p>\n\n\n\n<p class=\"has-palette-color-4-color has-palette-color-7-background-color has-text-color has-background\" style=\"margin-top:0;margin-bottom:0\">Hallituksen on kutsuttava yhdistyksen kokoukset koolle v\u00e4hint\u00e4\u00e4n 14 vuorokautta ennen kokousta j\u00e4senille yhteisen tietoliikenneyhteyden kautta tai s\u00e4hk\u00f6postitse.<\/p>\n\n\n\n<p class=\"has-palette-color-4-color has-palette-color-7-background-color has-text-color has-background\" style=\"margin-top:0;margin-bottom:0\"><strong>9. Varojen k\u00e4ytt\u00f6 yhdistyksen purkautuessa<\/strong><\/p>\n\n\n\n<p class=\"has-palette-color-4-color has-palette-color-7-background-color has-text-color has-background\">Yhdistyksen purkautuessa k\u00e4ytet\u00e4\u00e4n yhdistyksen varat yhdistyksen tarkoituksen edist\u00e4miseen purkamisesta p\u00e4\u00e4tt\u00e4v\u00e4n kokouksen m\u00e4\u00e4r\u00e4\u00e4m\u00e4ll\u00e4 tavalla. Yhdistyksen tullessa lakkautetuksi k\u00e4ytet\u00e4\u00e4n sen varat samaan tarkoitukseen.<\/p>\n","protected":false},"excerpt":{"rendered":"<p>S\u00e4\u00e4nn\u00f6t p\u00e4ivitetty 07.11.2022 1. Yhdistyksen nimi ja kotipaikka Yhdistyksen nimi on Uinti-Vakka ry ja sen kotipaikka on Uusikaupunki 2. Tarkoitus ja toiminnan laatu Yhdistyksen tarkoituksena on edist\u00e4\u00e4 uintiurheilua ja levitt\u00e4\u00e4 uintiurheilun harrastusta, kohottaa j\u00e4sentens\u00e4 fyysist\u00e4 kuntoa ja terveytt\u00e4 sek\u00e4 her\u00e4tt\u00e4\u00e4 heiss\u00e4 oikeaa urheiluhenke\u00e4 ja pysyv\u00e4\u00e4 harrastusta uintiurheiluun. Tarkoituksensa toteuttamiseksi yhdistys: Toimintansa tukemiseksi yhdistys voi toimeenpanna [&hellip;]<\/p>\n","protected":false},"author":1,"featured_media":0,"parent":48,"menu_order":0,"comment_status":"closed","ping_status":"closed","template":"","meta":{"footnotes":""},"class_list":["post-163","page","type-page","status-publish","hentry"],"blocksy_meta":"","_links":{"self":[{"href":"https:\/\/uintivakka.fi\/index.php?rest_route=\/wp\/v2\/pages\/163","targetHints":{"allow":["GET"]}}],"collection":[{"href":"https:\/\/uintivakka.fi\/index.php?rest_route=\/wp\/v2\/pages"}],"about":[{"href":"https:\/\/uintivakka.fi\/index.php?rest_route=\/wp\/v2\/types\/page"}],"author":[{"embeddable":true,"href":"https:\/\/uintivakka.fi\/index.php?rest_route=\/wp\/v2\/users\/1"}],"replies":[{"embeddable":true,"href":"https:\/\/uintivakka.fi\/index.php?rest_route=%2Fwp%2Fv2%2Fcomments&post=163"}],"version-history":[{"count":4,"href":"https:\/\/uintivakka.fi\/index.php?rest_route=\/wp\/v2\/pages\/163\/revisions"}],"predecessor-version":[{"id":189,"href":"https:\/\/uintivakka.fi\/index.php?rest_route=\/wp\/v2\/pages\/163\/revisions\/189"}],"up":[{"embeddable":true,"href":"https:\/\/uintivakka.fi\/index.php?rest_route=\/wp\/v2\/pages\/48"}],"wp:attachment":[{"href":"https:\/\/uintivakka.fi\/index.php?rest_route=%2Fwp%2Fv2%2Fmedia&parent=163"}],"curies":[{"name":"wp","href":"https:\/\/api.w.org\/{rel}","templated":true}]}}