{"id":223,"date":"2023-10-09T12:51:49","date_gmt":"2023-10-09T12:51:49","guid":{"rendered":"https:\/\/uintivakka.fi\/?page_id=223"},"modified":"2025-09-05T07:50:21","modified_gmt":"2025-09-05T07:50:21","slug":"kilpauimarit","status":"publish","type":"page","link":"https:\/\/uintivakka.fi\/?page_id=223","title":{"rendered":"Kilpauimarit"},"content":{"rendered":"\n<p class=\"has-palette-color-4-color has-palette-color-7-background-color has-text-color has-background\">Uimarit osallistuvat halunsa mukaan kilpailuihin. Valmentajat ja muiden kilpailevien uimareiden vanhemmat neuvovat ja auttavat alkuun kilpailuasioissa. Valmentajat auttavat my\u00f6s kilpailulajien valinnassa. T\u00e4ss\u00e4 muutamia ohjeita kilpailemiseen liittyen.<\/p>\n\n\n\n<p class=\"has-palette-color-4-color has-palette-color-7-background-color has-text-color has-background\" style=\"margin-top:0;margin-bottom:0\"><strong>Lisenssi<\/strong><\/p>\n\n\n\n<ul class=\"wp-block-list has-palette-color-4-color has-palette-color-7-background-color has-text-color has-background\">\n<li>Uimarilla tulee olla kilpailulisenssi, mik\u00e4li haluaa kilpailla virallisissa uintikilpailuissa. <a href=\"https:\/\/www.uimaliitto.fi\/\" data-type=\"link\" data-id=\"https:\/\/www.uimaliitto.fi\/\">Uimaliiton<\/a> nettisivuilta l\u00f6ytyy lis\u00e4\u00e4 tietoa lisensseist\u00e4.<\/li>\n\n\n\n<li>Lisenssi hankitaan <a href=\"https:\/\/info.suomisport.fi\/\" data-type=\"link\" data-id=\"https:\/\/info.suomisport.fi\/\">Suomisportista<\/a> ja se tulee hankkia hyviss\u00e4 ajoin ennen kilpailuja. Lisenssi on voimassa aina yhden kilpailukauden 1.8. &#8211; 31.7. <\/li>\n\n\n\n<li>Mik\u00e4li haluaa l\u00e4hte\u00e4 kokeilemaan kilpailemista, niin voi hankkia my\u00f6s tapahtumalisenssin eli ns. kertak\u00e4ytt\u00f6lisenssin. T\u00e4m\u00e4 lisenssi on voimassa 14 vrk.<\/li>\n<\/ul>\n\n\n\n<p class=\"has-palette-color-4-color has-palette-color-7-background-color has-text-color has-background\" style=\"margin-top:0;margin-bottom:0\"><strong>Ilmoittautuminen kilpailuihin<\/strong> <strong>ja starttimaksut<\/strong><\/p>\n\n\n\n<ul class=\"wp-block-list has-palette-color-4-color has-palette-color-7-background-color has-text-color has-background\">\n<li>Uimarit ilmoitetaan kilpailuihin seuran toimesta.<\/li>\n\n\n\n<li>Kilpailulajit on ilmoitettava etuk\u00e4teen ilmoitetun aikatauluin mukaisesti.<\/li>\n\n\n\n<li>Kilpailustartit maksetaan ilmoittautumisen yhteydess\u00e4 seuralle ja seura tilitt\u00e4\u00e4 maksut j\u00e4rjest\u00e4v\u00e4lle seuralle ilmoittautumisen yhteydess\u00e4.<\/li>\n<\/ul>\n\n\n\n<p class=\"has-palette-color-4-color has-palette-color-7-background-color has-text-color has-background\" style=\"margin-top:0;margin-bottom:0\"><strong>Kilpailupaikalla<\/strong><\/p>\n\n\n\n<ul class=\"wp-block-list has-palette-color-4-color has-palette-color-7-background-color has-text-color has-background\">\n<li>Kisapaikalle saavutaan ajoissa oman kilpailuaikataulun mukaisesti. N\u00e4ist\u00e4 sovitaan my\u00f6s yhteisesti kaikkien uimareiden kanssa.<\/li>\n\n\n\n<li>Avaimen saat valmentajalta tai joltain vanhemmalta, avaimet palautetaan omien uintien j\u00e4lkeen. Kadonneista avaimista perit\u00e4\u00e4n maksu eli avain pidett\u00e4v\u00e4 tallessa.<\/li>\n\n\n\n<li>Verryttelyt tehd\u00e4\u00e4n annettujen ohjeiden mukaisesti.<\/li>\n\n\n\n<li>Ennen omaa l\u00e4ht\u00f6\u00e4 kilpailijat menev\u00e4t ker\u00e4ilypaikalle, jossa h\u00e4nt\u00e4 kutsutaan nimelt\u00e4. Muista oma er\u00e4 ja ratanumero. Valmentaja ja muut uimarit neuvovat t\u00e4ss\u00e4 asiassa.<\/li>\n\n\n\n<li>Kilpailujen kulkua on hyv\u00e4 seurata, koska annettu aikataulu on viitteellinen, jotta on ajoissa ker\u00e4ilypaikalla.<\/li>\n\n\n\n<li>Kilpailuissa muistetaan hyv\u00e4t k\u00e4yt\u00f6stavat ja kannustetaan muita, my\u00f6s muiden seurojen uimareita.<\/li>\n\n\n\n<li>Kilpailuihin tarvitset mukaan\n<ul class=\"wp-block-list\">\n<li>useampi uimapuku (jos useita lajeja)<\/li>\n\n\n\n<li>pyyhkeit\u00e4<\/li>\n\n\n\n<li>uimalakki<\/li>\n\n\n\n<li>uimalasit <\/li>\n\n\n\n<li>vesipullo<\/li>\n\n\n\n<li>allaskassi<\/li>\n\n\n\n<li>sis\u00e4keng\u00e4t<\/li>\n\n\n\n<li>shortsit, t-paita, uintitakki yms.<\/li>\n\n\n\n<li>ev\u00e4it\u00e4<\/li>\n<\/ul>\n<\/li>\n<\/ul>\n","protected":false},"excerpt":{"rendered":"<p>Uimarit osallistuvat halunsa mukaan kilpailuihin. Valmentajat ja muiden kilpailevien uimareiden vanhemmat neuvovat ja auttavat alkuun kilpailuasioissa. Valmentajat auttavat my\u00f6s kilpailulajien valinnassa. T\u00e4ss\u00e4 muutamia ohjeita kilpailemiseen liittyen. Lisenssi Ilmoittautuminen kilpailuihin ja starttimaksut Kilpailupaikalla<\/p>\n","protected":false},"author":1,"featured_media":0,"parent":62,"menu_order":2,"comment_status":"closed","ping_status":"closed","template":"","meta":{"footnotes":""},"class_list":["post-223","page","type-page","status-publish","hentry"],"blocksy_meta":"","_links":{"self":[{"href":"https:\/\/uintivakka.fi\/index.php?rest_route=\/wp\/v2\/pages\/223","targetHints":{"allow":["GET"]}}],"collection":[{"href":"https:\/\/uintivakka.fi\/index.php?rest_route=\/wp\/v2\/pages"}],"about":[{"href":"https:\/\/uintivakka.fi\/index.php?rest_route=\/wp\/v2\/types\/page"}],"author":[{"embeddable":true,"href":"https:\/\/uintivakka.fi\/index.php?rest_route=\/wp\/v2\/users\/1"}],"replies":[{"embeddable":true,"href":"https:\/\/uintivakka.fi\/index.php?rest_route=%2Fwp%2Fv2%2Fcomments&post=223"}],"version-history":[{"count":7,"href":"https:\/\/uintivakka.fi\/index.php?rest_route=\/wp\/v2\/pages\/223\/revisions"}],"predecessor-version":[{"id":300,"href":"https:\/\/uintivakka.fi\/index.php?rest_route=\/wp\/v2\/pages\/223\/revisions\/300"}],"up":[{"embeddable":true,"href":"https:\/\/uintivakka.fi\/index.php?rest_route=\/wp\/v2\/pages\/62"}],"wp:attachment":[{"href":"https:\/\/uintivakka.fi\/index.php?rest_route=%2Fwp%2Fv2%2Fmedia&parent=223"}],"curies":[{"name":"wp","href":"https:\/\/api.w.org\/{rel}","templated":true}]}}