{"id":62,"date":"2023-09-12T16:31:24","date_gmt":"2023-09-12T16:31:24","guid":{"rendered":"https:\/\/uintivakka.fi\/?page_id=62"},"modified":"2023-10-10T10:15:48","modified_gmt":"2023-10-10T10:15:48","slug":"uimarille","status":"publish","type":"page","link":"https:\/\/uintivakka.fi\/?page_id=62","title":{"rendered":"Uimarille"},"content":{"rendered":"\n<p class=\"has-palette-color-4-color has-palette-color-7-background-color has-text-color has-background\">Uintiharrastus on lapselle ja nuorelle hyv\u00e4 ja monipuolinen liikuntaharrastus. Uinti-Vakassa uimarit harjoittelevat uintitekniikkaa kaikissa uintilajeissa: vapaauinti, selk\u00e4uinti, rintauinti ja perhosuinti. Uinti-Vakassa voi harjoitella my\u00f6s ilman osallistumista kilpailuihin. Halutessaan voi kilpailuihin osallistua, kun taidot ovat riitt\u00e4v\u00e4t. <\/p>\n\n\n\n<p class=\"has-palette-color-4-color has-palette-color-7-background-color has-text-color has-background\" style=\"margin-top:var(--wp--preset--spacing--50);margin-bottom:var(--wp--preset--spacing--50)\"><strong><a href=\"http:\/\/uintivakka.fi\/?page_id=201\" data-type=\"link\" data-id=\"uintivakka.fi\/?page_id=201\">Harjoitusajat<\/a><\/strong><\/p>\n\n\n\n<p class=\"has-palette-color-4-color has-palette-color-7-background-color has-text-color has-background\" style=\"margin-top:var(--wp--preset--spacing--50);margin-bottom:var(--wp--preset--spacing--50)\"><strong><a href=\"http:\/\/uintivakka.fi\/?page_id=212\" data-type=\"link\" data-id=\"uintivakka.fi\/?page_id=212\">Ohjeita uimarille ja vanhemmille<\/a><\/strong><\/p>\n\n\n\n<p class=\"has-palette-color-4-color has-palette-color-7-background-color has-text-color has-background\" style=\"margin-top:var(--wp--preset--spacing--50);margin-bottom:var(--wp--preset--spacing--50)\"><strong><a href=\"http:\/\/uintivakka.fi\/?page_id=223\" data-type=\"link\" data-id=\"uintivakka.fi\/?page_id=223\">Kilpauimarit<\/a><\/strong><\/p>\n\n\n\n<p class=\"has-palette-color-4-color has-palette-color-7-background-color has-text-color has-background\"><strong><a href=\"http:\/\/uintivakka.fi\/?page_id=229\" data-type=\"link\" data-id=\"uintivakka.fi\/?page_id=229\">Uudet uimarit<\/a><\/strong><\/p>\n","protected":false},"excerpt":{"rendered":"<p>Uintiharrastus on lapselle ja nuorelle hyv\u00e4 ja monipuolinen liikuntaharrastus. Uinti-Vakassa uimarit harjoittelevat uintitekniikkaa kaikissa uintilajeissa: vapaauinti, selk\u00e4uinti, rintauinti ja perhosuinti. Uinti-Vakassa voi harjoitella my\u00f6s ilman osallistumista kilpailuihin. Halutessaan voi kilpailuihin osallistua, kun taidot ovat riitt\u00e4v\u00e4t. Harjoitusajat Ohjeita uimarille ja vanhemmille Kilpauimarit Uudet uimarit<\/p>\n","protected":false},"author":1,"featured_media":0,"parent":0,"menu_order":3,"comment_status":"closed","ping_status":"closed","template":"","meta":{"footnotes":""},"class_list":["post-62","page","type-page","status-publish","hentry"],"blocksy_meta":"","_links":{"self":[{"href":"https:\/\/uintivakka.fi\/index.php?rest_route=\/wp\/v2\/pages\/62","targetHints":{"allow":["GET"]}}],"collection":[{"href":"https:\/\/uintivakka.fi\/index.php?rest_route=\/wp\/v2\/pages"}],"about":[{"href":"https:\/\/uintivakka.fi\/index.php?rest_route=\/wp\/v2\/types\/page"}],"author":[{"embeddable":true,"href":"https:\/\/uintivakka.fi\/index.php?rest_route=\/wp\/v2\/users\/1"}],"replies":[{"embeddable":true,"href":"https:\/\/uintivakka.fi\/index.php?rest_route=%2Fwp%2Fv2%2Fcomments&post=62"}],"version-history":[{"count":18,"href":"https:\/\/uintivakka.fi\/index.php?rest_route=\/wp\/v2\/pages\/62\/revisions"}],"predecessor-version":[{"id":278,"href":"https:\/\/uintivakka.fi\/index.php?rest_route=\/wp\/v2\/pages\/62\/revisions\/278"}],"wp:attachment":[{"href":"https:\/\/uintivakka.fi\/index.php?rest_route=%2Fwp%2Fv2%2Fmedia&parent=62"}],"curies":[{"name":"wp","href":"https:\/\/api.w.org\/{rel}","templated":true}]}}